 + 16*m**2 - 3400*m + 37295. Give x(11).
500
Let k(h) = -370*h + 122. Give k(5).
-1728
Let k(s) = 51575*s + 361031. What is k(-7)?
6
Let t(l) = -l**2 - 7474*l - 356451. Give t(-48).
-3
Let n(k) = -5*k**3 - 178*k**2 - 416*k + 429. Give n(-33).
0
Let u(r) = -32*r**3 + 8*r**2 - 11*r. Give u(3).
-825
Let n(c) = -30483*c + 182900. Determine n(6).
2
Let q(n) = -3372*n - 293312. What is q(-87)?
52
Let f(g) = -76*g**2 - 4992*g + 28678. Calculate f(-71).
-6
Let a(j) = 41*j**3 + 232*j**2 + 244*j + 14. Calculate a(-4).
126
Let n(x) = 187633*x - 9756973. Determine n(52).
-57
Let f(x) = x**2 + 8802*x - 1415718. Determine f(158).
-38
Let z(w) = -10990*w - 802302. Determine z(-73).
-32
Let a(g) = -g**2 - 41*g - 300. What is a(-7)?
-62
Let c(o) = -78*o - 694. What is c(-12)?
242
Let s(h) = -566*h - 38956. Give s(-69).
98
Let r(n) = n**3 - 143*n**2 - 398*n + 117. What is r(-3)?
-3
Let w(x) = 3440*x - 66105. Calculate w(19).
-745
Let t(x) = 2*x**2 + 144*x - 294. Give t(2).
2
Let x(a) = -11265*a + 22688. What is x(2)?
158
Let g(m) = 854*m - 3195. Calculate g(4).
221
Let p(d) = -9*d**3 + 192*d**2 + 1547*d - 33812. What is p(21)?
-2
Let g(i) = -575*i**2 + 978*i + 977. Determine g(-1).
-576
Let f(c) = -3*c**3 - 41*c**2 - 415*c - 5138. Determine f(-13).
-81
Let c(t) = -5*t**3 - 120*t**2 - 387*t - 175. Determine c(-3).
41
Let k(i) = 25022*i + 300121. Calculate k(-12).
-143
Let f(d) = 401*d + 6376. Determine f(-18).
-842
Let n(y) = -y**3 + 18*y**2 + 443*y + 1448. Determine n(-4).
28
Let y(q) = 5*q**2 - 4*q - 454. Calculate y(10).
6
Let l(z) = 2*z**2 + 470*z - 78958. Give l(115).
1542
Let j(s) = -206269*s - 1650149. Calculate j(-8).
3
Let r(a) = 11*a**3 - 114*a**2 + 212*a - 38. What is r(8)?
-6
Let w(g) = -g**2 - 80*g + 978. Determine w(17).
-671
Let k(s) = -6814*s**2 - 204419*s + 33. Determine k(-30).
3
Let s(a) = 153087*a**2 - 153092*a + 5. Calculate s(1).
0
Let w(l) = -87*l**2 - 5836*l - 1415. What is w(-67)?
-946
Let h(w) = 41*w**2 + 665*w + 168. Determine h(-16).
24
Let b(q) = 306*q - 5092. Give b(17).
110
Let p(y) = 3*y**2 - 1531*y + 130356. Calculate p(108).
0
Let j(g) = -5*g**2 + 92*g - 365. What is j(6)?
7
Let w(g) = g**2 + 1055*g + 6344. What is w(-6)?
50
Let j(f) = 2398*f - 11612. Determine j(5).
378
Let c(t) = 6*t**2 - 1136*t - 7015. Give c(-6).
17
Let y(q) = -q**3 + 9*q**2 - 2528*q + 17605. Determine y(7).
7
Let x(f) = 2*f**3 - 367*f**2 - 11133*f + 642. Determine x(210).
12
Let l(j) = -73783*j - 442680. Give l(-6).
18
Let k(i) = 2*i**2 - 334*i - 11529. Determine k(196).
-161
Let v(a) = 39*a**2 - 53*a - 183. Give v(-4).
653
Let y(q) = -500*q + 2367. Calculate y(5).
-133
Let i(c) = -2*c**3 + 20*c**2 + 27*c + 43. Calculate i(11).
98
Let y(q) = 6*q**3 + 31*q**2 + 23*q + 79. Determine y(-8).
-1193
Let l(i) = 227*i - 17812. Give l(78).
-106
Let s(b) = -7*b**2 + 60866*b - 60866. What is s(1)?
-7
Let i(r) = -87*r - 3047. Determine i(-51).
1390
Let m(o) = 307*o**2 - 2209*o + 29. Calculate m(7).
-391
Let t(i) = -58*i**2 + 1091*i - 27. What is t(15)?
3288
Let n(u) = 32276*u + 31727. Calculate n(-1).
-549
Let g(a) = -1365*a + 111918. Calculate g(82).
-12
Let t(f) = -1984*f + 1849. Determine t(1).
-135
Let y(p) = -59806*p + 1315743. Give y(22).
11
Let v(p) = -90954*p - 454773. What is v(-5)?
-3
Let h(c) = -2*c**2 + 535*c + 41631. Give h(-63).
-12
Let s(j) = -j**3 + 78*j**2 + 90*j - 12809. Determine s(77).
50
Let f(b) = b**3 - 64*b**2 + 365*b - 32812. What is f(66)?
-10
Let u(q) = 23929*q + 502345. What is u(-21)?
-164
Let z(y) = 3968*y + 15880. Calculate z(-4).
8
Let t(x) = -112621*x - 3491257. Give t(-31).
-6
Let f(v) = -3*v**3 - 283*v**2 - 142*v - 3727. Give f(-94).
785
Let l(f) = 3*f**3 - 358*f**2 + 2149*f - 197. Determine l(113).
29
Let j(r) = -2*r**2 - 158*r + 11716. Give j(-126).
-128
Let r(i) = 4398*i - 109908. Determine r(25).
42
Let n(c) = 13*c**2 - 1660*c - 1661. What is n(-1)?
12
Let o(s) = -370*s**2 + 31696*s + 10669. Calculate o(86).
5
Let y(i) = i**3 + 437*i + 1477. Determine y(0).
1477
Let x(h) = -8*h**2 + 834*h + 15115. Give x(120).
-5
Let w(y) = y**3 + 213*y**2 - 2467*y - 670. Determine w(-224).
2
Let x(j) = 129*j**2 + 26395*j - 10303. Determine x(-205).
-53
Let y(z) = -17*z**2 + 6387*z - 31514. Determine y(5).
-4
Let v(u) = 1221*u + 20753. What is v(-17)?
-4
Let z(y) = -257*y - 7412. Calculate z(-34).
1326
Let v(i) = -57*i**2 + 9742*i + 822. Calculate v(171).
-33
Let n(z) = 7*z**3 + 19*z**2 - 405*z - 83. What is n(-9)?
-2
Let b(w) = -775*w - 132539. Determine b(-171).
-14
Let i(p) = 667*p + 51188. Give i(-75).
1163
Let y(f) = -2*f**2 + 860*f - 5925. Calculate y(423).
-3
Let k(t) = -34622*t + 34678. Calculate k(1).
56
Let d(k) = 287*k + 37343. What is d(-127)?
894
Let j(n) = 2*n**3 - 157*n**2 + 380*n - 202. Determine j(76).
-202
Let c(k) = 2*k**3 + 2558*k**2 - k - 2. What is c(0)?
-2
Let v(j) = -4357*j - 29032. Give v(-7).
1467
Let f(w) = -w**2 - 2081*w + 2081. Determine f(1).
-1
Let r(a) = -8125*a**2 - 97502*a - 30. Determine r(-12).
-6
Let z(x) = -x**2 + 43*x - 217. Give z(38).
-27
Let b(g) = -3*g**3 - 36*g**2 + 1240*g + 677. Determine b(-27).
2
Let n(c) = c**3 - 22*c**2 - 106*c + 1307. What is n(25)?
532
Let z(c) = -c**3 + 208*c**2 + 1571*c - 14683. Give z(215).
-493
Let l(y) = -2882*y - 518719. What is l(-180)?
41
Let f(h) = -1597*h - 36143. Give f(-25).
3782
Let b(p) = 3*p**3 - 116*p**2 - 140*p + 3950. Calculate b(39).
11
Let b(v) = -2*v**2 + 308*v + 20908. Give b(-51).
-2
Let h(l) = -l**3 - 203*l**2 + 5658*l - 9572. Determine h(-228).
4
Let b(z) = -88*z**2 + 382*z - 1543. What is b(4)?
-1423
Let m(i) = -301*i - 95704. Calculate m(-318).
14
Let u(t) = t**3 - 9*t**2 + 32*t - 956. Calculate u(0).
-956
Let i(s) = -56*s**3 + 1217*s**2 + 380*s - 1110. What is i(22)?
-10
Let l(s) = 54783*s - 1807842. Determine l(33).
-3
Let i(m) = -2*m**3 - 19*m**2 - 181*m - 552. What is i(-4)?
-4
Let d(i) = 23*i**3 + 37*i**2 - 20*i - 1. Calculate d(-2).
3
Let u(s) = s**3 + 26*s**2 - 48*s - 73. What is u(-16)?
3255
Let a(y) = -23*y**3 - 563*y**2 + 291*y - 71. Give a(-25).
154
Let m(b) = 6*b**2 - 68*b + 577. Determine m(12).
625
Let t(i) = -3*i**2 - 122*i - 1131. Give t(-23).
88
Let c(v) = -33041*v - 429536. What is c(-13)?
-3
Let n(h) = h**3 + 19*h**2 - 54*h - 63. Give n(8).
1233
Let m(j) = -j**3 - 288*j**2 - 860*j - 164454. Give m(-287).
-3
Let m(u) = -19*u**2 - 365*u - 3280. Give m(-9).
-1534
Let g(j) = -6125*j + 2731715. Calculate g(446).
-35
Let w(s) = -s**3 - 108*s**2 - 609*s - 934. Give w(-102).
-1240
Let t(n) = 1752*n - 22211. Give t(13).
565
Let v(m) = -57608*m - 55764538. Determine v(-968).
6
Let g(k) = 19*k**2 - 36*k + 543. Give g(-9).
2406
Let h(k) = -301449*k + 2713037. Determine h(9).
-4
Let i(o) = -o**2 - 2830*o - 67217. Give i(-24).
127
Let p(m) = 45723*m - 823017. Determine p(18).
-3
Let m(s) = 111*s**3 + 891*s**2 - 23*s - 330. Calculate m(-8).
46
Let a(i) = 4*i**3 - 80*i**2 + 190*i + 180. Determine a(16).
-876
Let v(o) = -13887*o + 139183. Calculate v(10).
313
Let i(r) = -17*r**2 - 231*r + 1664. Calculate i(7).
-786
Let y(z) = -z**3 - 20*z**2 - 161*z - 48. Determine y(-13).
862
Let c(o) = 19765*o + 612718. Give c(-31).
3
Let a(y) = -1419*y**2 + 1404830*y - 19795. Give a(990).
5
Let v(g) = -679333*g + 679347. What is v(1)?
14
Let h(q) = 66*q - 9446. Determine h(140).
-206
Let m(s) = 234*s - 36602. What is m(132)?
-5714
Let l(d) = 4*d**2 + 1209*d - 12068. Give l(10).
422
Let i(u) = 4*u**3 - 25*u**2 + 47*u - 149. Determine i(4).
-105
Let w(z) = 69*z**2 + 1923*z - 21403. What is w(11)?
8099
Let w(j) = -j**3 - 54*j**2 + 710*j + 1633. Give w(-2).
5
Let t(d) = 366*d - 154038. Give t(425).
1512
Let m(g) = -g**3 - 20*g**2 + 149*g + 188. Calculate m(-24).
-1084
Let c(b) = -6*b**2 + 315*b - 164. Determine c(52).
-8
Let i(z) = 2*z**3 + 179*z**2 + 67*z - 735. Determine i(-89).
1223
Let w(z) = -z**3 + 653*z**2 - 21796*z + 5806. Determine w(35).
-4
Let k(d) = 520*d**2 + 5717*d - 49. Determine k(-11).
-16
Let g(h) = 137*h - 24986. What is g(179)?
-463
Let d(m) = 9291*m - 3066040. Determine d(330).
-10
Let m(u) = 38*u**2 - 13*u + 95. What is m(-3)?
476
Let h(c) = 2*c**3 + 2*c**2 - 104*c + 141. Determine h(6).
21
Let t(k) = 2*k**2 + 2075*k + 10296. Calculate t(-5).
-29
Let j(z) = 6875*z - 54801. Give j(8).
199
Let v(c) = 49*c**2 + 12472*c - 5645. Determine v(-255).
